{"id":12288,"date":"2019-06-26T16:36:20","date_gmt":"2019-06-26T14:36:20","guid":{"rendered":"http:\/\/josemduran.com\/scania\/?page_id=12288"},"modified":"2019-06-26T16:44:51","modified_gmt":"2019-06-26T14:44:51","slug":"home-version-11-2-6-3","status":"publish","type":"page","link":"https:\/\/josemduran.com\/scania\/?page_id=12288","title":{"rendered":"Nueva Serie P"},"content":{"rendered":"<div class=\"fusion-fullwidth fullwidth-box fusion-builder-row-1 nonhundred-percent-fullwidth non-hundred-percent-height-scrolling\" style=\"background-color: #ffffff;background-position: center center;background-repeat: no-repeat;padding-top:50px;padding-right:0px;padding-bottom:0px;padding-left:0px;margin-bottom: 0px;margin-top: 0px;border-width: 0px 0px 0px 0px;border-color:#e5e4e4;border-style:solid;\" ><div class=\"fusion-builder-row fusion-row\"><div class=\"fusion-layout-column fusion_builder_column fusion-builder-column-0 fusion_builder_column_1_1 1_1 fusion-one-full fusion-column-first fusion-column-last fusion-column-no-min-height\" style=\"margin-top:0px;margin-bottom:0px;\"><div class=\"fusion-column-wrapper fusion-flex-column-wrapper-legacy\" style=\"background-position:left top;background-repeat:no-repeat;-webkit-background-size:cover;-moz-background-size:cover;-o-background-size:cover;background-size:cover;padding: 0px 0px 0px 0px;\"><div class=\"fusion-slider-sc fusion-flexslider-loading flexslider flexslider-hover-type-none\" data-slideshow_autoplay=\"1\" data-slideshow_smooth_height=\"0\" data-slideshow_speed=\"7000\" style=\"max-width:100%;height:100%;\"><ul class=\"slides\"><li class=\"image\"><span class=\"fusion-image-hover-element hover-type-none\"><img decoding=\"async\" src=\"https:\/\/josemduran.com\/scania\/wp-content\/uploads\/2019\/06\/p.png\" width=\"1920\" height=\"800\" class=\"wp-image-12290\" srcset=\"https:\/\/josemduran.com\/scania\/wp-content\/uploads\/2019\/06\/p-200x83.png 200w, https:\/\/josemduran.com\/scania\/wp-content\/uploads\/2019\/06\/p-400x167.png 400w, https:\/\/josemduran.com\/scania\/wp-content\/uploads\/2019\/06\/p-600x250.png 600w, https:\/\/josemduran.com\/scania\/wp-content\/uploads\/2019\/06\/p-800x333.png 800w, https:\/\/josemduran.com\/scania\/wp-content\/uploads\/2019\/06\/p-1200x500.png 1200w, https:\/\/josemduran.com\/scania\/wp-content\/uploads\/2019\/06\/p.png 1920w\" sizes=\"(max-width: 800px) 100vw, 1200px\" \/><\/span><\/li><\/ul><\/div><div class=\"fusion-text fusion-text-1\"><p style=\"text-align: center;\"><img decoding=\"async\" class=\"alignnone size-full wp-image-12291\" src=\"https:\/\/josemduran.com\/scania\/wp-content\/uploads\/2019\/06\/cabina.png\" alt=\"\" width=\"793\" height=\"38\" srcset=\"https:\/\/josemduran.com\/scania\/wp-content\/uploads\/2019\/06\/cabina-200x10.png 200w, https:\/\/josemduran.com\/scania\/wp-content\/uploads\/2019\/06\/cabina-300x14.png 300w, https:\/\/josemduran.com\/scania\/wp-content\/uploads\/2019\/06\/cabina-400x19.png 400w, https:\/\/josemduran.com\/scania\/wp-content\/uploads\/2019\/06\/cabina-600x29.png 600w, https:\/\/josemduran.com\/scania\/wp-content\/uploads\/2019\/06\/cabina-768x37.png 768w, https:\/\/josemduran.com\/scania\/wp-content\/uploads\/2019\/06\/cabina.png 793w\" sizes=\"(max-width: 793px) 100vw, 793px\" \/><\/p>\n<p>Con los camiones de la nueva serie P, obtendr\u00e1 una cabina de bajo peso con gran visibilidad y maniobrabilidad, bien balanceada para adaptarse a sus necesidades espec\u00edficas. La serie P es nuestra gama de cabinas m\u00e1s vers\u00e1til, pues es ideal para operaciones en entornos urbanos y regionales, y su buen rendimiento est\u00e1 comprobado en proyectos de construcci\u00f3n y otras condiciones desafiantes.<\/p>\n<\/div><div class=\"fusion-builder-row fusion-builder-row-inner fusion-row\"><div class=\"fusion-layout-column fusion_builder_column_inner fusion-builder-nested-column-0 fusion_builder_column_inner_1_2 1_2 fusion-one-half fusion-column-first\" style=\"width:50%;width:calc(50% - ( ( 4% ) * 0.5 ) );margin-right: 4%;margin-top:0px;margin-bottom:20px;\"><div class=\"fusion-column-wrapper fusion-flex-column-wrapper-legacy\" style=\"background-image: url(&#039;https:\/\/josemduran.com\/scania\/wp-content\/uploads\/2019\/06\/asset.img_.png.jpeg&#039;);background-position:left top;background-repeat:no-repeat;-webkit-background-size:cover;-moz-background-size:cover;-o-background-size:cover;background-size:cover;padding: 0px 0px 0px 0px;\" data-bg-url=\"https:\/\/josemduran.com\/scania\/wp-content\/uploads\/2019\/06\/asset.img_.png.jpeg\"><div class=\"fusion-clearfix\"><\/div><\/div><\/div><div class=\"fusion-layout-column fusion_builder_column_inner fusion-builder-nested-column-1 fusion_builder_column_inner_1_2 1_2 fusion-one-half fusion-column-last\" style=\"width:50%;width:calc(50% - ( ( 4% ) * 0.5 ) );margin-top:0px;margin-bottom:20px;\"><div class=\"fusion-column-wrapper fusion-flex-column-wrapper-legacy\" style=\"background-image: url(&#039;https:\/\/josemduran.com\/scania\/wp-content\/uploads\/2019\/06\/image6-2.jpg&#039;);background-position:left top;background-repeat:no-repeat;-webkit-background-size:cover;-moz-background-size:cover;-o-background-size:cover;background-size:cover;padding: 0px 0px 0px 0px;\" data-bg-url=\"https:\/\/josemduran.com\/scania\/wp-content\/uploads\/2019\/06\/image6-2.jpg\"><div class=\"fusion-clearfix\"><\/div><\/div><\/div><\/div><div class=\"fusion-slider-sc fusion-flexslider-loading flexslider flexslider-hover-type-none\" data-slideshow_autoplay=\"1\" data-slideshow_smooth_height=\"0\" data-slideshow_speed=\"7000\" style=\"max-width:100%;height:100%;\"><ul class=\"slides\"><li class=\"image\"><span class=\"fusion-image-hover-element hover-type-none\"><img decoding=\"async\" src=\"https:\/\/josemduran.com\/scania\/wp-content\/uploads\/2019\/06\/image5.jpg\" width=\"1920\" height=\"1080\" class=\"wp-image-12294\" srcset=\"https:\/\/josemduran.com\/scania\/wp-content\/uploads\/2019\/06\/image5-200x113.jpg 200w, https:\/\/josemduran.com\/scania\/wp-content\/uploads\/2019\/06\/image5-400x225.jpg 400w, https:\/\/josemduran.com\/scania\/wp-content\/uploads\/2019\/06\/image5-600x338.jpg 600w, https:\/\/josemduran.com\/scania\/wp-content\/uploads\/2019\/06\/image5-800x450.jpg 800w, https:\/\/josemduran.com\/scania\/wp-content\/uploads\/2019\/06\/image5-1200x675.jpg 1200w, https:\/\/josemduran.com\/scania\/wp-content\/uploads\/2019\/06\/image5.jpg 1920w\" sizes=\"(max-width: 800px) 100vw, 1200px\" \/><\/span><\/li><\/ul><\/div><div class=\"fusion-text fusion-text-2\"><p style=\"text-align: center;\"><img decoding=\"async\" class=\"alignnone size-full wp-image-12295\" src=\"https:\/\/josemduran.com\/scania\/wp-content\/uploads\/2019\/06\/imprimale-1.png\" alt=\"\" width=\"610\" height=\"96\" srcset=\"https:\/\/josemduran.com\/scania\/wp-content\/uploads\/2019\/06\/imprimale-1-200x31.png 200w, https:\/\/josemduran.com\/scania\/wp-content\/uploads\/2019\/06\/imprimale-1-300x47.png 300w, https:\/\/josemduran.com\/scania\/wp-content\/uploads\/2019\/06\/imprimale-1-400x63.png 400w, https:\/\/josemduran.com\/scania\/wp-content\/uploads\/2019\/06\/imprimale-1-600x94.png 600w, https:\/\/josemduran.com\/scania\/wp-content\/uploads\/2019\/06\/imprimale-1.png 610w\" sizes=\"(max-width: 610px) 100vw, 610px\" \/><\/p>\n<p>Con una gran variedad de alternativas y configuraciones modulares, puede personalizar su cami\u00f3n con un sinf\u00edn de posibilidades. Que sea Scania.<\/p>\n<\/div><div class=\"fusion-builder-row fusion-builder-row-inner fusion-row\"><div class=\"fusion-layout-column fusion_builder_column_inner fusion-builder-nested-column-2 fusion_builder_column_inner_1_2 1_2 fusion-one-half fusion-column-first\" style=\"width:50%;width:calc(50% - ( ( 4% ) * 0.5 ) );margin-right: 4%;margin-top:0px;margin-bottom:20px;\"><div class=\"fusion-column-wrapper fusion-flex-column-wrapper-legacy\" style=\"background-image: url(&#039;https:\/\/josemduran.com\/scania\/wp-content\/uploads\/2019\/06\/1-2.jpg&#039;);background-position:left top;background-repeat:no-repeat;-webkit-background-size:cover;-moz-background-size:cover;-o-background-size:cover;background-size:cover;padding: 0px 0px 0px 0px;\" data-bg-url=\"https:\/\/josemduran.com\/scania\/wp-content\/uploads\/2019\/06\/1-2.jpg\"><div class=\"fusion-clearfix\"><\/div><\/div><\/div><div class=\"fusion-layout-column fusion_builder_column_inner fusion-builder-nested-column-3 fusion_builder_column_inner_1_2 1_2 fusion-one-half fusion-column-last\" style=\"width:50%;width:calc(50% - ( ( 4% ) * 0.5 ) );margin-top:0px;margin-bottom:20px;\"><div class=\"fusion-column-wrapper fusion-flex-column-wrapper-legacy\" style=\"background-image: url(&#039;https:\/\/josemduran.com\/scania\/wp-content\/uploads\/2019\/06\/2-2.jpg&#039;);background-position:left top;background-repeat:no-repeat;-webkit-background-size:cover;-moz-background-size:cover;-o-background-size:cover;background-size:cover;padding: 0px 0px 0px 0px;\" data-bg-url=\"https:\/\/josemduran.com\/scania\/wp-content\/uploads\/2019\/06\/2-2.jpg\"><div class=\"fusion-clearfix\"><\/div><\/div><\/div><\/div><div class=\"fusion-clearfix\"><\/div><\/div><\/div><\/div><\/div>\n","protected":false},"excerpt":{"rendered":"","protected":false},"author":1,"featured_media":0,"parent":0,"menu_order":0,"comment_status":"open","ping_status":"closed","template":"100-width.php","meta":{"content-type":"","footnotes":""},"class_list":["post-12288","page","type-page","status-publish","hentry"],"_links":{"self":[{"href":"https:\/\/josemduran.com\/scania\/index.php?rest_route=\/wp\/v2\/pages\/12288","targetHints":{"allow":["GET"]}}],"collection":[{"href":"https:\/\/josemduran.com\/scania\/index.php?rest_route=\/wp\/v2\/pages"}],"about":[{"href":"https:\/\/josemduran.com\/scania\/index.php?rest_route=\/wp\/v2\/types\/page"}],"author":[{"embeddable":true,"href":"https:\/\/josemduran.com\/scania\/index.php?rest_route=\/wp\/v2\/users\/1"}],"replies":[{"embeddable":true,"href":"https:\/\/josemduran.com\/scania\/index.php?rest_route=%2Fwp%2Fv2%2Fcomments&post=12288"}],"version-history":[{"count":3,"href":"https:\/\/josemduran.com\/scania\/index.php?rest_route=\/wp\/v2\/pages\/12288\/revisions"}],"predecessor-version":[{"id":12299,"href":"https:\/\/josemduran.com\/scania\/index.php?rest_route=\/wp\/v2\/pages\/12288\/revisions\/12299"}],"wp:attachment":[{"href":"https:\/\/josemduran.com\/scania\/index.php?rest_route=%2Fwp%2Fv2%2Fmedia&parent=12288"}],"curies":[{"name":"wp","href":"https:\/\/api.w.org\/{rel}","templated":true}]}}