{"id":12272,"date":"2019-06-26T16:19:55","date_gmt":"2019-06-26T14:19:55","guid":{"rendered":"http:\/\/josemduran.com\/scania\/?page_id=12272"},"modified":"2019-06-26T16:34:23","modified_gmt":"2019-06-26T14:34:23","slug":"home-version-11-2-6-2","status":"publish","type":"page","link":"https:\/\/josemduran.com\/scania\/?page_id=12272","title":{"rendered":"Nueva Serie G"},"content":{"rendered":"<div class=\"fusion-fullwidth fullwidth-box fusion-builder-row-1 nonhundred-percent-fullwidth non-hundred-percent-height-scrolling\" style=\"background-color: #ffffff;background-position: center center;background-repeat: no-repeat;padding-top:50px;padding-right:0px;padding-bottom:0px;padding-left:0px;margin-bottom: 0px;margin-top: 0px;border-width: 0px 0px 0px 0px;border-color:#e5e4e4;border-style:solid;\" ><div class=\"fusion-builder-row fusion-row\"><div class=\"fusion-layout-column fusion_builder_column fusion-builder-column-0 fusion_builder_column_1_1 1_1 fusion-one-full fusion-column-first fusion-column-last fusion-column-no-min-height\" style=\"margin-top:0px;margin-bottom:0px;\"><div class=\"fusion-column-wrapper fusion-flex-column-wrapper-legacy\" style=\"background-position:left top;background-repeat:no-repeat;-webkit-background-size:cover;-moz-background-size:cover;-o-background-size:cover;background-size:cover;padding: 0px 0px 0px 0px;\"><div class=\"fusion-slider-sc fusion-flexslider-loading flexslider flexslider-hover-type-none\" data-slideshow_autoplay=\"1\" data-slideshow_smooth_height=\"0\" data-slideshow_speed=\"7000\" style=\"max-width:100%;height:100%;\"><ul class=\"slides\"><li class=\"image\"><span class=\"fusion-image-hover-element hover-type-none\"><img decoding=\"async\" src=\"https:\/\/josemduran.com\/scania\/wp-content\/uploads\/2019\/06\/g.png\" width=\"1920\" height=\"800\" class=\"wp-image-12274\" srcset=\"https:\/\/josemduran.com\/scania\/wp-content\/uploads\/2019\/06\/g-200x83.png 200w, https:\/\/josemduran.com\/scania\/wp-content\/uploads\/2019\/06\/g-400x167.png 400w, https:\/\/josemduran.com\/scania\/wp-content\/uploads\/2019\/06\/g-600x250.png 600w, https:\/\/josemduran.com\/scania\/wp-content\/uploads\/2019\/06\/g-800x333.png 800w, https:\/\/josemduran.com\/scania\/wp-content\/uploads\/2019\/06\/g-1200x500.png 1200w, https:\/\/josemduran.com\/scania\/wp-content\/uploads\/2019\/06\/g.png 1920w\" sizes=\"(max-width: 800px) 100vw, 1200px\" \/><\/span><\/li><\/ul><\/div><div class=\"fusion-text fusion-text-1\"><p style=\"text-align: center;\"><img decoding=\"async\" class=\"alignnone size-full wp-image-12276\" src=\"https:\/\/josemduran.com\/scania\/wp-content\/uploads\/2019\/06\/herramienta.png\" alt=\"\" width=\"807\" height=\"96\" srcset=\"https:\/\/josemduran.com\/scania\/wp-content\/uploads\/2019\/06\/herramienta-200x24.png 200w, https:\/\/josemduran.com\/scania\/wp-content\/uploads\/2019\/06\/herramienta-300x36.png 300w, https:\/\/josemduran.com\/scania\/wp-content\/uploads\/2019\/06\/herramienta-400x48.png 400w, https:\/\/josemduran.com\/scania\/wp-content\/uploads\/2019\/06\/herramienta-600x71.png 600w, https:\/\/josemduran.com\/scania\/wp-content\/uploads\/2019\/06\/herramienta-768x91.png 768w, https:\/\/josemduran.com\/scania\/wp-content\/uploads\/2019\/06\/herramienta-800x95.png 800w, https:\/\/josemduran.com\/scania\/wp-content\/uploads\/2019\/06\/herramienta.png 807w\" sizes=\"(max-width: 807px) 100vw, 807px\" \/><\/p>\n<p>Los camiones de la nueva serie G son altamente adaptables y cuentan con una gran maniobrabilidad y visibilidad. La cabina es muy completa y est\u00e1 bien balanceada y, al contar con un conjunto mayor de opciones, ahora puede personalizar su cami\u00f3n de la serie G para cubrir las necesidades espec\u00edficas de su negocio.<\/p>\n<\/div><div class=\"fusion-slider-sc fusion-flexslider-loading flexslider flexslider-hover-type-none\" data-slideshow_autoplay=\"1\" data-slideshow_smooth_height=\"0\" data-slideshow_speed=\"7000\" style=\"max-width:100%;height:100%;\"><ul class=\"slides\"><li class=\"image\"><span class=\"fusion-image-hover-element hover-type-none\"><img decoding=\"async\" src=\"https:\/\/josemduran.com\/scania\/wp-content\/uploads\/2019\/06\/potentes.png\" width=\"1920\" height=\"800\" class=\"wp-image-12277\" srcset=\"https:\/\/josemduran.com\/scania\/wp-content\/uploads\/2019\/06\/potentes-200x83.png 200w, https:\/\/josemduran.com\/scania\/wp-content\/uploads\/2019\/06\/potentes-400x167.png 400w, https:\/\/josemduran.com\/scania\/wp-content\/uploads\/2019\/06\/potentes-600x250.png 600w, https:\/\/josemduran.com\/scania\/wp-content\/uploads\/2019\/06\/potentes-800x333.png 800w, https:\/\/josemduran.com\/scania\/wp-content\/uploads\/2019\/06\/potentes-1200x500.png 1200w, https:\/\/josemduran.com\/scania\/wp-content\/uploads\/2019\/06\/potentes.png 1920w\" sizes=\"(max-width: 800px) 100vw, 1200px\" \/><\/span><\/li><li class=\"image\"><span class=\"fusion-image-hover-element hover-type-none\"><img decoding=\"async\" src=\"https:\/\/josemduran.com\/scania\/wp-content\/uploads\/2019\/06\/resistente-1.png\" width=\"1920\" height=\"800\" class=\"wp-image-12278\" srcset=\"https:\/\/josemduran.com\/scania\/wp-content\/uploads\/2019\/06\/resistente-1-200x83.png 200w, https:\/\/josemduran.com\/scania\/wp-content\/uploads\/2019\/06\/resistente-1-400x167.png 400w, https:\/\/josemduran.com\/scania\/wp-content\/uploads\/2019\/06\/resistente-1-600x250.png 600w, https:\/\/josemduran.com\/scania\/wp-content\/uploads\/2019\/06\/resistente-1-800x333.png 800w, https:\/\/josemduran.com\/scania\/wp-content\/uploads\/2019\/06\/resistente-1-1200x500.png 1200w, https:\/\/josemduran.com\/scania\/wp-content\/uploads\/2019\/06\/resistente-1.png 1920w\" sizes=\"(max-width: 800px) 100vw, 1200px\" \/><\/span><\/li><li class=\"image\"><span class=\"fusion-image-hover-element hover-type-none\"><img decoding=\"async\" src=\"https:\/\/josemduran.com\/scania\/wp-content\/uploads\/2019\/06\/dise\u00f1o.png\" width=\"1920\" height=\"800\" class=\"wp-image-12279\" srcset=\"https:\/\/josemduran.com\/scania\/wp-content\/uploads\/2019\/06\/dise\u00f1o-200x83.png 200w, https:\/\/josemduran.com\/scania\/wp-content\/uploads\/2019\/06\/dise\u00f1o-400x167.png 400w, https:\/\/josemduran.com\/scania\/wp-content\/uploads\/2019\/06\/dise\u00f1o-600x250.png 600w, https:\/\/josemduran.com\/scania\/wp-content\/uploads\/2019\/06\/dise\u00f1o-800x333.png 800w, https:\/\/josemduran.com\/scania\/wp-content\/uploads\/2019\/06\/dise\u00f1o-1200x500.png 1200w, https:\/\/josemduran.com\/scania\/wp-content\/uploads\/2019\/06\/dise\u00f1o.png 1920w\" sizes=\"(max-width: 800px) 100vw, 1200px\" \/><\/span><\/li><\/ul><\/div><div class=\"fusion-builder-row fusion-builder-row-inner fusion-row\"><div class=\"fusion-layout-column fusion_builder_column_inner fusion-builder-nested-column-0 fusion_builder_column_inner_1_2 1_2 fusion-one-half fusion-column-first\" style=\"width:50%;width:calc(50% - ( ( 4% ) * 0.5 ) );margin-right: 4%;margin-top:0px;margin-bottom:20px;\"><div class=\"fusion-column-wrapper fusion-flex-column-wrapper-legacy\" style=\"background-image: url(&#039;https:\/\/josemduran.com\/scania\/wp-content\/uploads\/2019\/06\/image1-4.jpg&#039;);background-position:left top;background-repeat:no-repeat;-webkit-background-size:cover;-moz-background-size:cover;-o-background-size:cover;background-size:cover;padding: 0px 0px 0px 0px;\" data-bg-url=\"https:\/\/josemduran.com\/scania\/wp-content\/uploads\/2019\/06\/image1-4.jpg\"><div class=\"fusion-clearfix\"><\/div><\/div><\/div><div class=\"fusion-layout-column fusion_builder_column_inner fusion-builder-nested-column-1 fusion_builder_column_inner_1_2 1_2 fusion-one-half fusion-column-last\" style=\"width:50%;width:calc(50% - ( ( 4% ) * 0.5 ) );margin-top:0px;margin-bottom:20px;\"><div class=\"fusion-column-wrapper fusion-flex-column-wrapper-legacy\" style=\"background-image: url(&#039;https:\/\/josemduran.com\/scania\/wp-content\/uploads\/2019\/06\/hotspot_QwnYH7wI.img_.jpg&#039;);background-position:left top;background-repeat:no-repeat;-webkit-background-size:cover;-moz-background-size:cover;-o-background-size:cover;background-size:cover;padding: 0px 0px 0px 0px;\" data-bg-url=\"https:\/\/josemduran.com\/scania\/wp-content\/uploads\/2019\/06\/hotspot_QwnYH7wI.img_.jpg\"><div class=\"fusion-clearfix\"><\/div><\/div><\/div><\/div><div class=\"fusion-text fusion-text-2\"><p style=\"text-align: center;\"><img decoding=\"async\" class=\"alignnone size-full wp-image-12283\" src=\"https:\/\/josemduran.com\/scania\/wp-content\/uploads\/2019\/06\/imprimale.png\" alt=\"\" width=\"586\" height=\"95\" srcset=\"https:\/\/josemduran.com\/scania\/wp-content\/uploads\/2019\/06\/imprimale-200x32.png 200w, https:\/\/josemduran.com\/scania\/wp-content\/uploads\/2019\/06\/imprimale-300x49.png 300w, https:\/\/josemduran.com\/scania\/wp-content\/uploads\/2019\/06\/imprimale-400x65.png 400w, https:\/\/josemduran.com\/scania\/wp-content\/uploads\/2019\/06\/imprimale.png 586w\" sizes=\"(max-width: 586px) 100vw, 586px\" \/><\/p>\n<p>Con una gran variedad de alternativas y configuraciones modulares, puede personalizar su cami\u00f3n seg\u00fan sus necesidades cotidianas. Que sea Scania.<\/p>\n<\/div><div class=\"fusion-builder-row fusion-builder-row-inner fusion-row\"><div class=\"fusion-layout-column fusion_builder_column_inner fusion-builder-nested-column-2 fusion_builder_column_inner_1_2 1_2 fusion-one-half fusion-column-first\" style=\"width:50%;width:calc(50% - ( ( 4% ) * 0.5 ) );margin-right: 4%;margin-top:0px;margin-bottom:20px;\"><div class=\"fusion-column-wrapper fusion-flex-column-wrapper-legacy\" style=\"background-position:left top;background-repeat:no-repeat;-webkit-background-size:cover;-moz-background-size:cover;-o-background-size:cover;background-size:cover;padding: 0px 0px 0px 0px;\"><div class=\"fusion-clearfix\"><\/div><\/div><\/div><div class=\"fusion-layout-column fusion_builder_column_inner fusion-builder-nested-column-3 fusion_builder_column_inner_1_2 1_2 fusion-one-half fusion-column-last\" style=\"width:50%;width:calc(50% - ( ( 4% ) * 0.5 ) );margin-top:0px;margin-bottom:20px;\"><div class=\"fusion-column-wrapper fusion-flex-column-wrapper-legacy\" style=\"background-position:left top;background-repeat:no-repeat;-webkit-background-size:cover;-moz-background-size:cover;-o-background-size:cover;background-size:cover;padding: 0px 0px 0px 0px;\"><div class=\"fusion-clearfix\"><\/div><\/div><\/div><\/div><div class=\"fusion-builder-row fusion-builder-row-inner fusion-row\"><div class=\"fusion-layout-column fusion_builder_column_inner fusion-builder-nested-column-4 fusion_builder_column_inner_1_2 1_2 fusion-one-half fusion-column-first\" style=\"width:50%;width:calc(50% - ( ( 4% ) * 0.5 ) );margin-right: 4%;margin-top:0px;margin-bottom:20px;\"><div class=\"fusion-column-wrapper fusion-flex-column-wrapper-legacy\" style=\"background-image: url(&#039;https:\/\/josemduran.com\/scania\/wp-content\/uploads\/2019\/06\/1-1.jpg&#039;);background-position:left top;background-repeat:no-repeat;-webkit-background-size:cover;-moz-background-size:cover;-o-background-size:cover;background-size:cover;padding: 0px 0px 0px 0px;\" data-bg-url=\"https:\/\/josemduran.com\/scania\/wp-content\/uploads\/2019\/06\/1-1.jpg\"><div class=\"fusion-clearfix\"><\/div><\/div><\/div><div class=\"fusion-layout-column fusion_builder_column_inner fusion-builder-nested-column-5 fusion_builder_column_inner_1_2 1_2 fusion-one-half fusion-column-last\" style=\"width:50%;width:calc(50% - ( ( 4% ) * 0.5 ) );margin-top:0px;margin-bottom:20px;\"><div class=\"fusion-column-wrapper fusion-flex-column-wrapper-legacy\" style=\"background-image: url(&#039;https:\/\/josemduran.com\/scania\/wp-content\/uploads\/2019\/06\/2-1.jpg&#039;);background-position:left top;background-repeat:no-repeat;-webkit-background-size:cover;-moz-background-size:cover;-o-background-size:cover;background-size:cover;padding: 0px 0px 0px 0px;\" data-bg-url=\"https:\/\/josemduran.com\/scania\/wp-content\/uploads\/2019\/06\/2-1.jpg\"><div class=\"fusion-clearfix\"><\/div><\/div><\/div><\/div><div class=\"fusion-clearfix\"><\/div><\/div><\/div><\/div><\/div>\n","protected":false},"excerpt":{"rendered":"","protected":false},"author":1,"featured_media":0,"parent":0,"menu_order":0,"comment_status":"open","ping_status":"closed","template":"100-width.php","meta":{"content-type":"","footnotes":""},"class_list":["post-12272","page","type-page","status-publish","hentry"],"_links":{"self":[{"href":"https:\/\/josemduran.com\/scania\/index.php?rest_route=\/wp\/v2\/pages\/12272","targetHints":{"allow":["GET"]}}],"collection":[{"href":"https:\/\/josemduran.com\/scania\/index.php?rest_route=\/wp\/v2\/pages"}],"about":[{"href":"https:\/\/josemduran.com\/scania\/index.php?rest_route=\/wp\/v2\/types\/page"}],"author":[{"embeddable":true,"href":"https:\/\/josemduran.com\/scania\/index.php?rest_route=\/wp\/v2\/users\/1"}],"replies":[{"embeddable":true,"href":"https:\/\/josemduran.com\/scania\/index.php?rest_route=%2Fwp%2Fv2%2Fcomments&post=12272"}],"version-history":[{"count":4,"href":"https:\/\/josemduran.com\/scania\/index.php?rest_route=\/wp\/v2\/pages\/12272\/revisions"}],"predecessor-version":[{"id":12286,"href":"https:\/\/josemduran.com\/scania\/index.php?rest_route=\/wp\/v2\/pages\/12272\/revisions\/12286"}],"wp:attachment":[{"href":"https:\/\/josemduran.com\/scania\/index.php?rest_route=%2Fwp%2Fv2%2Fmedia&parent=12272"}],"curies":[{"name":"wp","href":"https:\/\/api.w.org\/{rel}","templated":true}]}}